ulate the remainder when s(x) is divided by 9.
8
Let c(j) = 2*j**2 + 16*j + 1. Let z(n) = n**2 + 2*n + 33. What is the remainder when c(-12) is divided by z(0)?
31
Let m be ((-4)/10)/((-2)/50). Calculate the remainder when 70 is divided by ((-24)/m)/((-2)/20).
22
Let s be 3*-1*(-2 + 11). Let u = s - -41. What is the remainder when 27 is divided by u?
13
Suppose 5*d - 110 = -y, -d + 1 + 40 = 4*y. Suppose -5*h = 3*f + 60, 7 = -h - 2*f - 5. Let x = d + h. Calculate the remainder when 16 is divided by x.
7
Suppose -5*g + 30 - 5 = 0. Suppose 25 = -s + 3*s - u, -g*u = 5*s - 40. Calculate the remainder when s is divided by 4.
3
Let u(f) = 6*f**3 - f**2 - f + 2. What is the remainder when u(2) is divided by 23?
21
Let k(c) = -c**2 + 16*c - 35. Let g(v) = 5*v**2 + v - 1. Calculate the remainder when k(4) is divided by g(1).
3
Let u = -1 - 12. Let a(k) = k**3 + 14*k**2 + 11*k - 8. What is the remainder when a(u) is divided by 7?
4
Let k = 149 + -84. Suppose -q - k = -6*q. Calculate the remainder when 25 is divided by q.
12
Suppose 14*v - 7*v - 1253 = 0. What is the remainder when v is divided by 61?
57
Let m(n) = -n**3 - 7*n**2 + 7*n + 6. Let a be -1*8*(-5)/(-5). What is the remainder when m(a) is divided by 5?
4
Let p = 240 + -170. What is the remainder when p is divided by 18?
16
Let u = -48 + 58. What is the remainder when 38 is divided by u?
8
What is the remainder when 16 is divided by (3 - -4)*10/7?
6
What is the remainder when (-2)/(-6) - (-158)/3 is divided by -11*-1*-2*2/(-4)?
9
Suppose -2*v = -3*c + 38 - 16, 0 = -3*c - 2*v + 2. Suppose -c*l + 4 = -56. What is the remainder when l is divided by 8?
7
Let o = -73 - -110. Calculate the remainder when o is divided by 10.
7
Suppose y - 2*y = 0. Suppose w - 5*u + 2*u - 15 = y, 4*u = -16. Suppose 2*g + g = 12. Calculate the remainder when g is divided by w.
1
Let b = 86 - 43. Suppose g = -4*i + b, 5 = -2*g - 5. What is the remainder when 23 is divided by i?
11
Suppose 2*v - i = 27, -2*v = 4*i + 1 - 23. Let l be ((-2)/3)/((-4)/54). Suppose -l = 4*a - 209. Calculate the remainder when a is divided by v.
11
Suppose 2*h - 6*h + 108 = 0. Suppose 2*v = -k + 47 + 19, -v + k + h = 0. Calculate the remainder when v is divided by 16.
15
Let c be (-84)/(-48) - 6/8. What is the remainder when 15/((-12)/(-8)*c) is divided by 6?
4
Suppose 1 = y - 2. Suppose -3*b - y*t + 20 = -8*t, 35 = 3*b - 2*t. Calculate the remainder when 28 is divided by b.
13
Let g(b) = 2*b**2 - b - 1. What is the remainder when g(4) is divided by 16?
11
Let q(d) = -d**2 + 8*d + 2. Calculate the remainder when 7 is divided by q(8).
1
Suppose 2*h - 124 = c - 37, -57 = -2*h - 5*c. Let y = -45 - -67. What is the remainder when h is divided by y?
19
Let m be 1 - -1 - (-64)/2. Suppose 18 = 4*n - m. Suppose 0 = -2*y + 3 + 7. What is the remainder when n is divided by y?
3
Let n = 9 - -2. What is the remainder when 54 is divided by n?
10
Let a(d) = d**3 + 7*d**2 - 9*d + 5. Let k be a(6). Let b = -299 + k. Suppose -2*i - b = -5*v - i, 3*v - 64 = -i. Calculate the remainder when v is divided by 8.
7
What is the remainder when 17 is divided by (1/(-5))/((-5)/275)?
6
What is the remainder when 94 is divided by (3 + -12)/(6/(-16))?
22
Let r(o) = -o**2 + o + 34. Let t(g) = -17*g - 5. Calculate the remainder when r(0) is divided by t(-1).
10
Let i = 43 + 4. Calculate the remainder when i is divided by 12.
11
Suppose 5*y = -7 + 27. Calculate the remainder when 59/y + 11/44 is divided by 4.
3
Suppose -5*h + 50 = 4*q, -4*q - 5*h = -6*q + 10. What is the remainder when 36 is divided by q?
6
Let w = 17 - 12. Suppose -v - 504 = 4*s, 3*v = w*v + 8. What is the remainder when (s/(-5))/(-1 + 2) is divided by 13?
12
Suppose 3*v + 3 = 2*v, -272 = -2*m + 4*v. Suppose -4*i - 3*w + 133 = 0, 4*i - w - m = -3*w. Calculate the remainder when i is divided by (-116)/(-14) - 4/14.
7
Let m = 45 - 28. Calculate the remainder when 62 is divided by m.
11
Let t = -27 + 45. Suppose 2*h - 7*h + z + t = 0, -2*z = -3*h + 15. Calculate the remainder when 7 is divided by h.
1
Let w(l) = l**2 + 5*l - 15. What is the remainder when 78 is divided by w(-8)?
6
Suppose 2*f + q + 45 - 11 = 0, -q + 4 = 0. Let b = 30 + f. What is the remainder when b is divided by 3?
2
Let g = -65 - -104. What is the remainder when g is divided by 11?
6
Suppose -2*f - 160 = -6*f. Let z = -17 - -31. What is the remainder when f is divided by z?
12
Let h(n) = -9*n - 9. What is the remainder when 34 is divided by h(-3)?
16
Let c = 12 + -6. What is the remainder when c is divided by 3?
0
Suppose -39 = -0*y + 5*y + 3*i, 3*i + 27 = -3*y. Let c(d) = d**3 + 6*d**2 - 2*d + 5. Calculate the remainder when 33 is divided by c(y).
16
Suppose 3*n = 3*j - 15, -5*n + 4 - 2 = 4*j. What is the remainder when 11 is divided by j?
2
Let t(d) = -9*d - 19. What is the remainder when t(-11) is divided by 27?
26
Let y = -14 - -23. What is the remainder when 26 is divided by y?
8
Suppose -n - 33 = 64. Let f = n - -146. What is the remainder when f is divided by 25?
24
Suppose v + 3*r - 4*r = 2, 4*v + 4*r = 24. What is the remainder when 30/2 + (6 - (-1 + 4)) is divided by (-30)/v*(-8)/6?
8
Let w be (-670)/(-15)*(-6)/(-4). Suppose -i = r - 5*i - 25, 4*r - w = 5*i. Calculate the remainder when 38 is divided by r.
12
Let u(v) = 11*v**2 + 3*v + 1. What is the remainder when u(-2) is divided by 21?
18
Let c(x) = x**2 - 5*x - 12. Let r be c(7). Calculate the remainder when 65 is divided by -3 + (22 - r) + 0.
14
Let k(y) = -y**2 - 13*y - 1. Let l be k(-12). Suppose -2*c + 1 = -l. What is the remainder when ((-20)/c)/((-2)/24) is divided by 14?
12
Let v(d) = -d**2 + 6*d + 2. Let z be v(5). Let r = z - -6. Suppose -4*s = 8, -3*k - 3*s + 4 = -5. What is the remainder when r is divided by k?
3
Let t(b) = -b**2 + 26*b - 24. Calculate the remainder when t(19) is divided by 37.
35
Let z(p) = -14*p. What is the remainder when z(-2) is divided by 4?
0
Let k = 170 - -47. Suppose -58 = -5*u + k. Suppose -2*f - 3*f = -u. Calculate the remainder when 19 is divided by f.
8
Let f = 18 - 11. Suppose 4*d = -3*s + 16, -31 = -f*d + 2*d - s. Let t(n) = 21*n**2 + 5*n - 6. What is the remainder when t(1) is divided by d?
6
Suppose -6*r + 109 = 37. Calculate the remainder when 82 is divided by r.
10
Let v = 257 + -148. What is the remainder when v is divided by 22?
21
Let f(p) = 18*p - 8. What is the remainder when f(4) is divided by 17?
13
Let c(x) = -x**3 + 13*x**2 + 18*x - 10. Let d(f) = 7*f + 1 + 1 + 0. Calculate the remainder when c(14) is divided by d(2).
14
Let l be (-2)/4*(-6 - 2). Let d be (-4)/16 - (-9)/l. Suppose -y + 0*y = -5*c - 11, 0 = -3*y + d*c + 20. What is the remainder when 15 is divided by y?
3
Let j = -5 + 10. Suppose -o + 3*l = -l - 11, o - j*l - 13 = 0. What is the remainder when 7 is divided by o?
1
Let n = 46 + -28. Let h(w) = 11*w + 9. Let b be h(9). Suppose -49 = -i + 5*t, -b = 2*i - 5*i + 2*t. Calculate the remainder when i is divided by n.
16
Let r(i) = 54*i**2 + i. What is the remainder when r(1) is divided by 14?
13
Suppose b = 3*b - 4*d - 12, 0 = -2*b - 4*d + 20. Let r(x) = 5*x - 1. What is the remainder when r(3) is divided by b?
6
Suppose 0 = -4*b - 5*s + 69, -3*s = 3*b - 5*s - 23. Calculate the remainder when 20 is divided by b.
9
Let a(q) = q**2 + 8*q - 12. Calculate the remainder when 38 is divided by a(-10).
6
Suppose -3*f + 5*t - 11 = 0, -t - 1 = 2*f + 2*t. What is the remainder when 1/(2 + -3)*f is divided by 2?
0
Let d be 2/(-8) + 2/8. Suppose -5*t + t + 48 = d. Let l = t - -2. Calculate the remainder when 40 is divided by l.
12
Suppose 4*m - m = 15. Let g = m + 3. Suppose 2*y = -h + 15, -5*y + y + 4*h = 0. What is the remainder when g is divided by y?
3
Suppose 2*z - 29 = h, -2*z - h = 3*z - 69. Calculate the remainder when z is divided by 132/12 + 3/(-1).
6
Suppose -7*b = -9*b. Suppose 4*a + a + 10 = b. Let l(p) = 7*p**2 + 2*p + 3. What is the remainder when l(a) is divided by 14?
13
Suppose 4*w - 2*a = -187 + 35, a = 5*w + 187. Let b = 12 - w. Calculate the remainder when b is divided by 17.
15
Calculate the remainder when 27 is divided by 14*3/(-6)*-2.
13
Suppose -2*i + 2*x + 3*x + 85 = 0, 0 = -4*i - 2*x + 110. Suppose -2*p - p = -i. Calculate the remainder when 1 + (-2 - -2) - -37 is divided by p.
8
Let s be (16/24)/(